-11))?
-56
-81 + 1 + (11154 - 11088)
-14
Calculate -54 + 11 + -8 + 95.
44
What is -50 + (-61 - -43) + 50?
-18
Calculate -30 + 7 + -24 - -11.
-36
Evaluate 86 - (137 - 34) - (1 + 34 + 0).
-52
Calculate (428 - 490) + (21 - 0 - (1 - -1)).
-43
What is the value of -71 + (-22 + 53 - -27)?
-13
What is the value of 12 - (-6 - 1) - (-16 - -6)?
29
What is (-68 - (-27 - 63)) + 0 + -96?
-74
What is the value of (64 - (24 - 38)) + -54?
24
What is the value of 7 - (-2 + (-2 - 0 - 11) - (493 - 493))?
22
Calculate 29 - (117 - 30) - -27 - -57.
26
10 - (-24 - (15 + -10 + -14) - -27)
-2
Calculate -17 - (93 - 13) - (309 - 282).
-124
Evaluate -105 + 113 - (3 - (-3 + 1)) - (3 - -5).
-5
What is 65 + 40 + (38 - 97) + 8 + 0?
54
Calculate 2 - 12 - (202 - 256).
44
What is the value of -5 + (-1 - 32 - (-6 - 18))?
-14
Calculate -86 - (1 + 30 + -11 + -51 + 13).
-68
Evaluate (36 - -14) + -50 + (-18 - 1).
-19
What is 56 + -67 + 93 + -42?
40
What is the value of -5 + (-2 + 10 + -1 - -2) - (-44 + 5)?
43
What is (0 - 2) + (19 + -54 - -49) - 49?
-37
Evaluate -5 - ((4 - 34) + 16 + 4).
5
What is 37 + -20 + -21 - (-41 - -18)?
19
What is -70 - 9 - (-2 - -11 - (8 + -9 + 9))?
-80
What is the value of (-22 - -57) + (-9 - 33)?
-7
What is 35 + -36 - (-23 + -54 - 1)?
77
Calculate (4 - -4) + -4 - 19 - (-11 + 9 + 0).
-13
Calculate 45 + ((19 - (-5 + 13)) + -12 - 14).
30
What is the value of (-28 - -1) + 15 + -32 + 24 + 3 - 5?
-22
Evaluate (14 + (-15 - -9) - (0 - -130)) + 16.
-106
Evaluate 2 + 48 + 491 + -603.
-62
(-8 - -1) + -35 + 46 + (-5 - 2)
-3
What is the value of -23 + 92 + -83 - (-1 + -73)?
60
Calculate 18 + -13 + -2 + -28 + 63.
38
What is 144 - (-51 + (216 - 90))?
69
Evaluate -91 + (-48 - -108) + 53.
22
What is 61 - (50 - -15) - -3?
-1
Calculate (-3 + 9 - (12 - (-10 + (7 - -11)))) + -50.
-48
Evaluate (-19 + 48 - 44) + 1 + -105.
-119
What is -31 + (64 - 31) - (31 - 2)?
-27
Evaluate 10 + -3 - (23 - -10 - 32) - (93 - 0).
-87
What is the value of 3 + (59 - (69 - -2))?
-9
Evaluate 47 + -93 + -14 - -24.
-36
Evaluate 3 + (-13 - -5) + (-48 - -8) + 79.
34
What is the value of 118 - (-116 - -101 - -122)?
11
Calculate 1 - -21 - (-11 + 6 + -1) - -3.
31
Calculate -328 - -318 - (-11 - 4).
5
Evaluate -25 - (-130 - -89) - (-1 + 0 + -2 + 2).
17
-1328 - -1355 - (-2 - 2) - 123
-92
Calculate 18 - ((15 - 32) + 37).
-2
(0 - (110 + -6)) + 137
33
What is 9 + (9 - ((11 - 8) + 10 - 14))?
19
-124 - -156 - (2 - -12)
18
Calculate 64 - 83 - (12 - (1 + 7 - 110)).
-133
(11 - 15) + 16 + 18 - (6 + -4)
28
What is (-144 - -73 - -108) + -68?
-31
What is 4 + -3 - ((-2 - 17) + 12 - -4)?
4
What is 34 + (38 - 108) + 6?
-30
(-9 - (-20 + 1)) + 34
44
Calculate -3 - 82 - (-11 - -61 - 34).
-101
Calculate -323 - (135 + -397) - (43 + -1).
-103
Calculate 17 - (52 - 17) - (-59 + -25).
66
Calculate -398 - -294 - (-99 + 4).
-9
Calculate 0 - (-35 - -63 - 87).
59
Evaluate -66 + 66 - -3 - (7 + -3).
-1
0 + 15 + (-13 - -12) + 0 + 72
86
Evaluate 52 - (-11 - (-9 + -1 + -15)).
38
10 + (10 - 20) - (-7 - (-3 + -53 - 2))
-51
Calculate -2856 + 2880 + -35 + -3 + 1.
-13
What is 21 + -16 + (-2 - 14) - (-75 - (7 - 2))?
69
Evaluate (-13 - -3) + (-178 - -181).
-7
What is the value of (660 - 649) + 3 + -2 + 17?
29
What is the value of -25 - (-5 + (301 - 306) + -1 + 11)?
-25
Calculate -71 + (-9 - -85) + -1 + 3 + 16.
23
(-7 - 8 - -12) + -8 + 10 + -3
-4
What is the value of 15 + (94 - (9 - -2 - (-13 + -6 + 30)))?
109
What is the value of 0 + -29 - (-29 - -36 - (1 - -10))?
-25
What is the value of (22 - (6 - (9 - 4))) + (-69 - -77)?
29
What is the value of (-4 - (-5 - 5)) + -3 + -7 + 17 + -14?
-1
17 - ((-8563 - -8615) + (5 - 0) + 1)
-41
What is 0 + -19 + 1 + -117 + (411 - 206)?
70
What is the value of -29 - ((90 - 66) + -115)?
62
What is -10 + 25 + (-5 + 5 - 7) + 4?
12
What is the value of 0 + 10 + -8154 + 8205?
61
-44 - (41 + -52 + -98) - (-1 + 11)
55
Evaluate (-9 - -74) + -1 + 22 + -26.
60
-1 + (-92 + 20 - -33)
-40
-22 + ((-17 - 0) + 1 - (-339 - -309))
-8
What is the value of (-7 - 6) + 18 + -10 + -22 + 2?
-25
Calculate 6132 - 6364 - (-129 - -1).
-104
Evaluate (83 - 31) + 46 + -55.
43
Calculate 6 - ((-36 - (0 - -4)) + (24 + -28 - 5)).
55
What is the value of (-3 - -70) + -135 + (-75 - -194)?
51
What is the value of -31 + -14 + (39 - 17)?
-23
((-1 - 1) + 4 - -2) + -5861 + 5813
-44
What is the value of -7 + 19 + (16 - 12 - (3 + 75) - 6)?
-68
What is the value of -55 - -88 - -61 - 4?
90
What is -24 - (-2 - 22) - (-43 + 0)?
43
-84 - (-39 - 15) - -14
-16
32 + -93 + 4 + 36
-21
What is -109 - -4 - (-29 - 181)?
105
What is the value of 0 + (26 + -27 - 12) + (-2 - -1)?
-14
What is 120 + -149 + (-13 - -106)?
64
((-16 - -3) + (-4 - 6 - -16) - -9) + 67
69
68 + 97 + -151 - (4 + (0 - -1))
9
Evaluate -11 + 11 - 2 - (-3 + -7 + 8) - 55.
-55
Calculate 1563 + -1550 + (-2 - 56).
-45
What is 4 + -3 - (-1 - 28) - (8 + -34 - -30)?
26
What is the value of -5156 - -5030 - (-73 + -2)?
-51
What is the value of 21 + -11 + -57 + 116?
69
What is 18 + -29 + 55 + -25 + 1 + -100?
-80
Evaluate (3 - (-7 + 1 + 17)) + 11 + 24 + -125.
-98
Evaluate (-30 - (50 + -35 - 48)) + 91.
94
Evaluate (-4 - -118) + (-2755 - -2653).
12
Evaluate -35 + (-10 - -83) - (-16 + -3).
57
-1 - (-47 + 51) - (-4 - -8)
-9
Calculate -30 - -12 - 17 - 8 - 20.
-63
12460 - 12488 - (-9 - (-2 - -4 - 3))
-20
What is -3 + (-112 - -28 - (3 + 7 + -6))?
-91
49 + -7 + 62 + -78
26
What is (-63 - (70 + -31)) + 125?
23
Calculate 107 - (97 + 18 + 41).
-49
Evaluate 56 + (37 - 54) + -68.
-29
-14 - (7 + -11 + 3) - (-2 - 18)
7
10 + 4 - (-49 + -4) - 4
63
Evaluate -10 + -27 + (16 - -18).
-3
What is the value of -7 - (-1 + 84) - (0 + -6 + (258 - 255))?
-87
3 + 78 - (2121 + -2105)
65
What is the value of (10394 - 10380) + -12 + (2 - 0)?
4
What is the value of -3 + -18 + 45 - 40 - -48?
32
What is 106 - (27 - (-23 + 29) - 15)?
100
5 + -59 + (33 + -92 - -65)
-48
Evaluate (-1 - -99) + (7 - (-309 + 289 + -2 + 18)).
109
What is the value of -84 - (-44 + 52 + -2 + -11)?
-79
What is (-16 - 31) + 13 + (8 + 1 + -7 - 5)?
-37
Calculate -26 + 0 - (21 + -41 + 34 + -7).
-33
Evaluate (-21 + 24 + -21 - -14) + -1 + (-70 - 2).
-77
Calculate 22 - 17 - -83 - 65.
23
Calculate -23 + (-1867 - -1835) + 1 + 30.
-24
What is the value of 0 + 0 + 18 + (1 - 35 - (-2 + -1))?
-13
Evaluate (-9 + 24 - 2) + (-6 + 1 - -16).
24
Calculate -6 + (1 + 59 - (-57 + 87)).
24
What is 3 - (-3 + 2) - (-349 - -350)?
3
What is the value of 0 + -44 + (687 + -237 - 260)?
146
(-3 - -30) + (-11 - (-10 + 5)) + 4 + -4
21
((8 - (9 - 14)) + -5 - 60) + -7
-59
What is the value of -1652 - -1648 - (5 - -90)?
-99
-10 + -15 + 25 + -27 + -31
-58
-100 - 7 - (-130 - -35)
-12
What is the value of -1 + -4 + 1 + 1 - (218 - 187)?
-34
Evaluate (85 - 74) + -83 - (1 + -23).
-50
Calculate 236 - 226 - (5 + -1 + -2) - (10 - 2).
0
Calculate 41 - ((0 - -12) + 0 - (-3501 + 3512)).
40
Calculate (20 - 3 - (-19 + 30)) + -18 + -12.
-24
What is the value of 1 + (7 - (-3 + 4 + 6)) - -12?
13
247 + -511 + 245 - (-103 - -1)
83
(4 - (6 + (9 - 12) + 11)) + -35
-45
What is the value of -17 + (-87 - -71) - -84?
51
What is the value of (7 - 9 - -7) + -46 - (97 + -114)?
-24
What is (10 + -3 - (57 + 12 + -21)) + (25 - 38)?
-54
Calculate 4 + 31 + -35 + -34 + 121.
87
What is the value of (-126 - -132) + -165 + 78?
-81
What is 78 + -138 + 77 + -13?
4
What is 220 + -131 - (-11 + 8 + 4 + 3 + -1)?
86
Calculate (-7 - 0) + -2 + 1 - (-11076 + 11078).
-10
Calculate -55 + 16 + -1 + (11 - 38).
-67
What is the value of 26 + (-20 + 15 - (-18 - -17))?
22
(2 - (11 + -31)) + -17 - -93
98
What is the value of -8 - (-6 + -1 - (1 - (-7 + 3 - -13)))?
-9
(-59 - (38 + -84 + 14)) + -52
-79
(50 + -16 - 43) + -13
-22
-10 - -15 - (-29 + -2) - (37 - 35)
34
0 + -186 + -1659 + 1738
-107
Calculate (16 + 7 + -23 - (17 + -38)) + -139.
-118
Evaluate -2 + (-5 - -10 - 6 - 0) + 4 - 50.
-49
Evaluate (-2 + 2 - 10) + (70 - (19 + (-8 - 3))).
52
What is the value of 126 + (2 - 13) + (-459 - -439)?
95
13 - -18 - 38 - (-48 + -1) - 16
26
What is the value of (-103 - -38) + 36 + 3 + -20?
-46
Evaluate 47 + 0 - (-20 - (23 - (10 - -7 - -24))).
49
Calculate 0 - (-12 + -1 + (-238 - -227) - -10).
14
(-31 - -35 - -26) + -47 + 63
46
What is 1 + 2 + 1 - (64 + -82 - 13)?
35
45 + -53 + 31 - (1 + 10)
12
-11 - (-10 - (-18 - -6)) - (-353 + 240)
100
Evaluate (-2 + 56 - 17) + (5 - 0) + -12.
3